4
What is the hundreds digit of 146146609?
6
What is the hundred thousands digit of 169754325?
7
What is the ten millions digit of 2597557466?
9
What is the hundred thousands digit of 65160918?
1
What is the hundred thousands digit of 232332141?
3
What is the tens digit of 422706159?
5
What is the units digit of 172941440?
0
What is the ten millions digit of 65747343?
6
What is the hundred thousands digit of 413498454?
4
What is the millions digit of 249138191?
9
What is the hundred millions digit of 225871920?
2
What is the thousands digit of 68388375?
8
What is the millions digit of 1150531589?
0
What is the tens digit of 254322701?
0
What is the hundred millions digit of 805464077?
8
What is the units digit of 3389237701?
1
What is the tens digit of 37999166?
6
What is the millions digit of 165644059?
5
What is the hundred thousands digit of 3428935944?
9
What is the hundred millions digit of 1182841644?
1
What is the hundred millions digit of 780611240?
7
What is the ten millions digit of 26900667?
2
What is the thousands digit of 446536008?
6
What is the millions digit of 617303058?
7
What is the ten millions digit of 67897386?
6
What is the hundreds digit of 32574933?
9
What is the units digit of 105270970?
0
What is the ten millions digit of 516096001?
1
What is the ten thousands digit of 6101552835?
5
What is the ten thousands digit of 1210467477?
6
What is the hundreds digit of 941290289?
2
What is the millions digit of 20709794?
0
What is the millions digit of 796204043?
6
What is the hundred thousands digit of 1997367210?
3
What is the thousands digit of 17095819?
5
What is the units digit of 2703745795?
5
What is the millions digit of 344591411?
4
What is the ten thousands digit of 37361452?
6
What is the units digit of 3772054797?
7
What is the tens digit of 405608420?
2
What is the ten millions digit of 1132021348?
3
What is the thousands digit of 36678081?
8
What is the thousands digit of 284296265?
6
What is the ten millions digit of 855873188?
5
What is the hundreds digit of 26496767?
7
What is the hundred millions digit of 828413581?
8
What is the ten thousands digit of 8914803?
1
What is the tens digit of 1178687283?
8
What is the units digit of 3244326366?
6
What is the ten millions digit of 111181921?
1
What is the tens digit of 181544222?
2
What is the ten thousands digit of 68760938?
6
What is the tens digit of 2645972651?
5
What is the thousands digit of 15408488?
8
What is the ten millions digit of 109935373?
0
What is the millions digit of 240332771?
0
What is the thousands digit of 84655879?
5
What is the units digit of 154165580?
0
What is the thousands digit of 12429726?
9
What is the billions digit of 2203104317?
2
What is the hundred millions digit of 968937529?
9
What is the billions digit of 4048467505?
4
What is the tens digit of 20573001?
0
What is the ten millions digit of 999940962?
9
What is the millions digit of 66229461?
6
What is the units digit of 707385768?
8
What is the tens digit of 313797747?
4
What is the hundred thousands digit of 2951008973?
0
What is the ten thousands digit of 14576696?
7
What is the millions digit of 6302630494?
2
What is the hundreds digit of 7879438?
4
What is the millions digit of 254853891?
4
What is the millions digit of 311983691?
1
What is the units digit of 2300369882?
2
What is the hundreds digit of 1153348723?
7
What is the units digit of 1116710407?
7
What is the millions digit of 56551140?
6
What is the hundred millions digit of 5665022564?
6
What is the tens digit of 6409952798?
9
What is the hundreds digit of 43206861?
8
What is the units digit of 810233162?
2
What is the hundred millions digit of 319853786?
3
What is the thousands digit of 44701952?
1
What is the hundreds digit of 1889882095?
0
What is the tens digit of 39095926?
2
What is the ten thousands digit of 3078729238?
2
What is the thousands digit of 45335557?
5
What is the ten thousands digit of 54127160?
2
What is the tens digit of 1307695543?
4
What is the hundreds digit of 45055860?
8
What is the thousands digit of 14941618?
1
What is the thousands digit of 9750001?
0
What is the thousands digit of 16736950?
6
What is the thousands digit of 28779378?
9
What is the ten thousands digit of 1055803510?
0
What is the ten millions digit of 6806153303?
0
What is the ten thousands digit of 49593003?
9
What is the billions digit of 5842790486?
5
What is the ten millions digit of 499654013?
9
What is the hundred thousands digit of 18917563?
9
What is the tens digit of 572439?
3
What is the tens digit of 37077919?
1
What is the ten thousands digit of 908242178?
4
What is the hundred thousands digit of 1269948586?
9
What is the thousands digit of 937857914?
7
What is the tens digit of 66994230?
3
What is the hundreds digit of 1135043867?
8
What is the thousands digit of 1774414147?
4
What is the millions digit of 15390714?
5
What is the millions digit of 61276556?
1
What is the tens digit of 967465607?
0
What is the ten thousands digit of 847512355?
1
What is the units digit of 363522143?
3
What is the millions digit of 675794787?
5
What is the ten thousands digit of 196579644?
7
What is the units digit of 5791687?
7
What is the thousands digit of 4595669012?
9
What is the billions digit of 1586676429?
1
What is the hundreds digit of 49959774?
7
What is the millions digit of 624141592?
4
What is the millions digit of 283863897?
3
What is the thousands digit of 303920395?
0
What is the units digit of 30433686?
6
What is the ten thousands digit of 2774741919?
4
What is the billions digit of 4755610412?
4
What is the tens digit of 2431535067?
6
What is the thousands digit of 248502715?
2
What is the ten millions digit of 1147466851?
4
What is the ten thousands digit of 250796392?
9
What is the millions digit of 9747139?
9
What is the units digit of 1170471012?
2
What is the hundred millions digit of 229462962?
2
What is the thousands digit of 1859403290?
3
What is the hundreds digit of 2789189489?
4
What is the tens digit of 639641032?
3
What is the tens digit of 340708355?
5
What is the units digit of 689265783?
3
What is the ten thousands digit of 434281118?
8
What is the tens digit of 237021401?
0
What is the hundred thousands digit of 1027915532?
9
What is the ten thousands digit of 243508216?
0
What is the hundred millions digit of 127866952?
1
What is the hundreds digit of 1721142934?
9
What is the hundred thousands digit of 1496602952?
6
What is the ten thousands digit of 3834944620?
4
What is the millions digit of 145932889?
5
What is the ten millions digit of 354444613?
5
What is the millions digit of 540594641?
0
What is the ten thousands digit of 7867232?
6
What is the units digit of 101682312?
2
What is the ten millions digit of 93865668?
9
What is the hundred thousands digit of 6621233?
6
What is the billions digit of 1195577266?
1
What is the tens digit of 135524878?
7
What is the hundreds digit of 5917228434?
4
What is the hundred millions digit of 834777414?
8
What is the hundred millions digit of 635493181?
6
What is the ten thousands digit of 32980106?
8
What is the units digit of 1515817092?
2
What is the thousands digit of 6893491675?
1
What is the hundred millions digit of 111355597?
1
What is the billions digit of 2061546424?
2
What is the units digit of 880556650?
0
What is the units digit of 877483304?
4
What is the millions digit of 16296015?
6
What is the ten thousands digit of 100411227?
1
What is the ten thousands digit of 2976581561?
8
What is the hundred millions digit of 184775466?
1
What is the ten thousands digit of 9936325?
3
What is the tens digit of 831905582?
8
What is the units digit of 195601073?
3
What is the thousands digit of 2536622261?
2
What is the hundred thousands digit of 33411073?
4
What is the tens digit of 3649252795?
9
What is the millions digit of 1055871762?
5
What is the units digit of 1207537428?
8
What is the ten millions digit of 362986887?
6
What is the hundred millions digit of 131519039?
1
What is the thousands digit of 207838013?
8
What is the units digit of 126867679?
9
What is the hundreds digit of 78910513?
5
What is the thousands digit of 3459725236?
5
What is the hundreds digit of 756264768?
7
What is the units digit of 81296100?
0
What is th